l + 2. List the prime factors of s(2).
2, 7
Let h = 6 + 3. Let a(o) = o**3 - 7*o**2 - 7*o - 3. Let m be a(8). Let x = h + m. What are the prime factors of x?
2, 7
Let k(b) = 3*b**3 + 3*b**2 - 2*b + 1. What are the prime factors of k(2)?
3, 11
Let v(q) = -q - 2. Suppose -s - 4*t = 14 - 3, -3*s + t + 19 = 0. Suppose g - s*c + 29 = 0, 24 = -g + 5*c - c. List the prime factors of v(g).
2
Suppose -1 - 3 = 2*o. List the prime factors of 2/(-1)*31/o.
31
Let z be 4/((-3)/(-6)*4). Suppose 22 = 5*s + z*j, 18 = 6*s - s - 2*j. Suppose -s*o - 26 = -2*m - o, -m - 2*o + 6 = 0. What are the prime factors of m?
2, 5
Let n(h) = 2*h**3 - 3*h**2 - 4*h - 1. Let f(o) = -o**2 + 5*o - 1. Let a be f(4). List the prime factors of n(a).
2, 7
Let g = 2 - 2. Let h(c) = -c**3 + c**2 - c + 32. What are the prime factors of h(g)?
2
Let v(s) = -s - 32. Let j be v(-16). Let a(u) = u**3 + u**2 - 2*u - 2. Let y be a(3). Let w = y + j. List the prime factors of w.
2, 3
Suppose 9*f = -970 + 3157. List the prime factors of f.
3
Let j(v) = -v**2 - 11*v - 8. What are the prime factors of j(-4)?
2, 5
Suppose -3*m = 2*x + 2 + 6, -5*m - 20 = 0. Suppose 2 = y + x*u, 0 = 5*y - u - 40 + 8. What are the prime factors of y?
2, 3
Let n = 9 - 6. Suppose -s + 4 = o + 2, 4*s = -n*o + 8. What are the prime factors of s?
2
Suppose 4*t = 5*m + 46, -5*t - m - m + 41 = 0. Suppose p + t = -3. Let r = p - -24. What are the prime factors of r?
2, 3
Let x(y) be the second derivative of -y**3 + y**2/2 + 2*y. What are the prime factors of x(-3)?
19
Let k be (-2)/4 + 66/4. Suppose 2*n - 52 = -k. List the prime factors of n.
2, 3
Let o = -13 - -9. Let y = o + 6. List the prime factors of y.
2
Let w be (-1 - 1)*(-3)/(-2). Let j = w + 3. Suppose j = -5*q + 58 + 2. What are the prime factors of q?
2, 3
Let p(t) = 4*t**2 - t + 2. List the prime factors of p(3).
5, 7
Let z be (-2 - (-16)/14)*-91. Let v = -34 + z. Suppose 0 = -t - 3*t + v. What are the prime factors of t?
11
Let o be ((-2)/4)/((-1)/(-8)). Let k be (o/(-6))/(4/18). List the prime factors of (2 + 7)*1/k.
3
Suppose 3*z - 20 = -4*t, -4*z - 4*t = z - 20. Suppose z*d - 2*d = -28. List the prime factors of d.
2, 7
Let v(h) = 22*h**2 + h. List the prime factors of v(2).
2, 3, 5
Let r(y) = 34*y - 7. Let b be r(5). Suppose -p + 6*p = 3*d - 85, 3*p + b = 5*d. List the prime factors of d.
5, 7
Suppose -3*b + 5*c = -2 - 3, -3*b - 3*c + 21 = 0. Suppose 2*m + b = -1, -4*j + 1 = m. What are the prime factors of j/(2/(-24)*-3)?
2
List the prime factors of (15/(-6) - -1)*-10.
3, 5
Let j(s) = s + 8. Let n(p) = -p**3 - 4*p**2 + 4*p - 5. Let v be n(-5). Suppose v = -5*m + 4*m. List the prime factors of j(m).
2
Suppose 2*r + 2 = 4*r, 2*d = -4*r + 8. List the prime factors of d.
2
Let b(x) = 3*x**2 + 8*x + 5. Let d(y) = -4*y**2 - 8*y - 6. Let a(s) = 3*b(s) + 2*d(s). What are the prime factors of a(-8)?
3
Suppose 0 = 3*x + 4*d - 164, -3*d = 5 - 2. What are the prime factors of x?
2, 7
Let a be 4/6 + 4/(-6). Suppose -3*j + a*j + 3 = 0. What are the prime factors of (1/j)/((-2)/(-20))?
2, 5
Suppose 69 - 5 = 4*l. What are the prime factors of (24/l)/(2/20)?
3, 5
Let i be (-2)/(-7) + (-19)/(-7). Suppose 87 + 3 = 2*d. Suppose -5*s = 2*q - d, -2*s = i*q - 5*q + 10. What are the prime factors of q?
2, 5
Let p = 122 + -62. Suppose -5*i + i + 17 = -h, -4*i - h = -15. Suppose 0 = 4*z + 4*f - p, 3*f + 45 = i*z + 4*f. What are the prime factors of z?
2, 5
Suppose 2*h + 2*p - 36 = -2*p, -20 = -4*h + 5*p. What are the prime factors of (-4 + h)*(-1)/(-2)?
3
Let f = -3 + -1. Let m(b) = 3*b**2 - 6 - b**3 + 8*b**3 + 0*b - 6*b**3 - 7*b. List the prime factors of m(f).
2, 3
Suppose 3*n + 5 = 2*s - 5, -15 = -3*s - 3*n. Suppose s*m - 8 = 47. List the prime factors of m.
11
Suppose 5*r + 5*d + 20 = 0, 4*r + d - 5 = 4*d. Let s(u) = 13*u**2 + 2*u + 1. List the prime factors of s(r).
2, 3
Suppose l + 605 = 6*l. List the prime factors of l.
11
Suppose -460 = -3*d + 302. List the prime factors of d.
2, 127
Let s be ((-18)/21)/(2/14). Let f(z) = z**2 + 4*z - 6. Let h be f(s). Let u(x) = -x + 13. What are the prime factors of u(h)?
7
Let j = -80 - -142. List the prime factors of j.
2, 31
Let b be (30/(-24))/(2/(-8)). Suppose -4*q - 10 = -b*q. What are the prime factors of q?
2, 5
Suppose -w + 96 = -3*r, 0 = 3*r + r - 16. What are the prime factors of w?
2, 3
Let x = 8 + -3. Suppose -3*w - 4*z + 37 = 0, -z - 11 = x*w - 50. List the prime factors of w.
7
Let n(g) = -2*g + 2. What are the prime factors of n(-4)?
2, 5
Let p = -87 + 162. What are the prime factors of p?
3, 5
What are the prime factors of (4 - 3)*(1 + 12)?
13
Suppose -4*u + 6*u - 111 = -5*m, -u + 2*m + 60 = 0. List the prime factors of u.
2, 29
Let a(o) = 0 - 2 - 1 - o. Suppose 10 = 3*m + 25. List the prime factors of a(m).
2
Suppose 1465 = 10*c - 105. What are the prime factors of c?
157
Let f = -3 + 6. Suppose f*d = 7*d - 8. Suppose 3 = v - d. List the prime factors of v.
5
List the prime factors of 24/(-7)*(-420)/24.
2, 3, 5
Let c = -41 + 66. List the prime factors of c.
5
Let j = -71 + 138. List the prime factors of j.
67
Let l be 3/(6/5)*2. Suppose -16 = -l*j + 9. What are the prime factors of j?
5
Let q(y) = -y**2 + 35*y - 32. What are the prime factors of q(14)?
2, 131
Suppose 71*k - 76*k + 1230 = 0. List the prime factors of k.
2, 3, 41
Let x(m) = -m**3 - 5*m**2 - 5*m - 4. Let j be x(-5). List the prime factors of 6/21 + 393/j.
19
Let k(c) = c**2 + 9*c + 18. Let h be k(-9). Let d be 3 - 2/2*-1. Suppose 0 = d*i - 2*p - 24 - 28, -p + h = 2*i. What are the prime factors of i?
11
Suppose 2*j = 5*p - 99, 6*j + 103 = 5*p + 2*j. List the prime factors of p.
19
Let x be (-1*4)/(10/(-15)). Suppose 0 = -2*c + x + 34. What are the prime factors of c?
2, 5
What are the prime factors of ((-16)/40)/(2/(-60))?
2, 3
Let z(q) = 2*q - 4. Let k be z(4). Suppose 9 - 29 = -k*d. Suppose 2*v - 6*v - a = -31, 0 = -5*v + d*a + 70. What are the prime factors of v?
3
Let y = -4 + 22. List the prime factors of y.
2, 3
Let k(c) = -c**3 + 7*c**2 + 3*c - 2. Suppose 0 = -h - a + 7, -4*a + a = -2*h + 14. List the prime factors of k(h).
19
Let f = -2 + 5. Suppose -3*r + f*l = -9, -5*r + 2*r + l = -17. What are the prime factors of r?
7
What are the prime factors of 14/(3/((-75)/(-10)))?
5, 7
Let y be (-15)/(-2)*32/12. Suppose y = -j + 3*j. List the prime factors of j.
2, 5
Suppose 2*x = -d + 40, -5*x = -0*d - 4*d - 87. List the prime factors of x.
19
Let y(m) = 4*m**2 + 1 - 3*m**2 + 1. Let c be y(4). Let s = c - 7. What are the prime factors of s?
11
Let o(j) = j**3 + 8*j**2 - 10*j - 13. Let b be o(-9). Let l(c) = c + 4. Let v be l(b). Suppose 7 = 3*y + x, 5*x - 2 + 27 = v. What are the prime factors of y?
2
What are the prime factors of (-2)/(-6) - 11242/(-42)?
2, 67
Suppose 8*y - 60 = 3*y + 5*k, 4*y + 2*k = 60. What are the prime factors of y*(-4)/24*-9?
3, 7
Let r(c) be the first derivative of c**2 - 2. Let i be r(4). Suppose 0 = -0*n - n + i. What are the prime factors of n?
2
Let s be 0/(((-9)/3)/3). Suppose -w + 4*h - 4 + s = 0, -12 = -w - 4*h. What are the prime factors of w?
2
Suppose p - 2*n - 12 = n, n - 26 = -3*p. Suppose 5*o = 69 - p. What are the prime factors of o?
2, 3
Let n(i) = -2*i**2 + 3*i + 1. Let r(u) = -4*u**2 + 6*u + 3. Let q(l) = 5*n(l) - 2*r(l). Let j be q(3). List the prime factors of 78/15 - (-2)/j.
5
Let a(u) = -14*u + 3*u**2 - 7*u**2 + u**2 + 2*u**2 - 3. What are the prime factors of a(-12)?
3, 7
Suppose 0 = 4*q - t - 39, -4*q + 5*q = 2*t + 1. Let f = q - 18. What are the prime factors of 2/(-7) + (-93)/f?
13
Let f = -2 - -5. Let t = 6 + -4. Suppose t*p - f*p = -9. What are the prime factors of p?
3
Suppose 4*d + 1 = 5*b + 4, -3*b = -3. Let m(x) = 4 - 5*x**2 + 3*x**2 + x**d + 10*x. What are the prime factors of m(9)?
13
Let n be -13 + 4 + (2 - 1). Let u(j) = -j - 11. Let t be u(n). List the prime factors of (t/9)/(-1)*12.
2
Suppose 2*f = -0*f - 4. What are the prime factors of 2 - -9 - 4/f?
13
Suppose 3*l + 2 = 38. Suppose -l - 14 = -a - p, 2*a + 4*p = 46. List the prime factors of a.
29
Let a be (-3)/(-6) + 7/2. Suppose 5*w + 10 = -15, 2*z + 14 = -4*w. Suppose 14 = z*s - a. List the prime factors of s.
2, 3
Suppose 26 - 5 = o + 5*g, 0 = -3*o + 2*g + 97. What are the prime factors of o?
31
Suppose -210 = -6*y + y. Let a be (-8)/(-2